 8159029 a composite number?
False
Is 1063743 composite?
True
Is 82007929 a composite number?
True
Is 15585827 prime?
True
Is 129786581 a prime number?
False
Is 156640249 a composite number?
False
Is 3396223 composite?
False
Is 12740423 a prime number?
True
Is 1183927 composite?
True
Is 545514451 prime?
True
Is 3865733 prime?
True
Is 7809433 composite?
False
Is 107563 prime?
True
Is 1102279 a prime number?
True
Is 177842767 a prime number?
False
Is 17909471 prime?
False
Is 575297741 prime?
True
Is 1000127 a composite number?
True
Is 33150055 a prime number?
False
Is 18272218 a composite number?
True
Is 11958439 a prime number?
True
Is 44759191 composite?
False
Is 10663631 composite?
True
Is 51242351 composite?
True
Is 163219847 a prime number?
False
Is 2232317 prime?
True
Is 16867793 composite?
False
Is 133154927 a composite number?
False
Is 7144469 a prime number?
False
Is 50973931 prime?
False
Is 135988957 composite?
True
Is 12366197 prime?
True
Is 86479741 a composite number?
False
Is 63778603 composite?
True
Is 200145557 a composite number?
True
Is 107957935 composite?
True
Is 12617071 a composite number?
False
Is 7409737 a prime number?
True
Is 51409409 a composite number?
False
Is 3633829 a composite number?
True
Is 295589653 a prime number?
True
Is 1606613 a prime number?
False
Is 342248011 a prime number?
False
Is 1606327919 prime?
False
Is 368171 a prime number?
True
Is 5475779 composite?
True
Is 52229411 a composite number?
True
Is 4811087 a composite number?
False
Is 11013503 composite?
False
Is 7643371 a prime number?
True
Is 1143799 a prime number?
True
Is 497472461 a prime number?
False
Is 218368127 composite?
False
Is 107382005 a prime number?
False
Is 300719 prime?
True
Is 11052553 prime?
True
Is 94502 a prime number?
False
Is 6082717 composite?
True
Is 86838107 composite?
False
Is 79384913 prime?
False
Is 88382639 prime?
True
Is 726611 prime?
True
Is 25486249 a prime number?
True
Is 354597799 a prime number?
False
Is 216511699 a composite number?
False
Is 4662689 a prime number?
True
Is 756641 prime?
True
Is 11231943 a prime number?
False
Is 4560511 composite?
True
Is 1620877 composite?
True
Is 25181929 a composite number?
True
Is 10862807 a composite number?
False
Is 22402301 a composite number?
False
Is 17274923 a prime number?
False
Is 2964709 composite?
True
Is 467527117 prime?
True
Is 108668177 composite?
False
Is 248571265 a prime number?
False
Is 6106189 prime?
True
Is 18429557 a prime number?
False
Is 15682291 composite?
False
Is 27952367 a prime number?
True
Is 78658391 composite?
True
Is 82569791 a prime number?
False
Is 7514761 prime?
False
Is 260349931 a prime number?
True
Is 5781689 composite?
False
Is 17851937 a composite number?
True
Is 266340577 composite?
True
Is 1969907 prime?
True
Is 9151133 a prime number?
False
Is 641489 a composite number?
True
Is 759587 prime?
False
Is 391813 a composite number?
True
Is 366169521 a prime number?
False
Is 357430429 prime?
True
Is 17018467 prime?
False
Is 25883471 a composite number?
False
Is 8589559 composite?
True
Is 1082615 a prime number?
False
Is 13702823 a composite number?
True
Is 17251781 composite?
True
Is 1512479 a prime number?
True
Is 19474879 a composite number?
False
Is 4409759 composite?
True
Is 1782043 a prime number?
True
Is 621977 a prime number?
False
Is 173279363 composite?
False
Is 21416281 a prime number?
True
Is 44909 a prime number?
True
Is 10400981 prime?
False
Is 34000783 prime?
False
Is 1586839 a composite number?
True
Is 8422971 composite?
True
Is 34827959 a composite number?
True
Is 257837 prime?
True
Is 13975319 prime?
True
Is 2788273 composite?
False
Is 2645707 prime?
False
Is 28995871 composite?
False
Is 9978629 a prime number?
False
Is 123491407 a composite number?
True
Is 142766417 prime?
True
Is 16891031 prime?
True
Is 13923967 prime?
True
Is 574602643 a prime number?
True
Is 2634751 a composite number?
True
Is 6398227 a prime number?
False
Is 139580689 composite?
True
Is 18575345 prime?
False
Is 3453941 a composite number?
True
Is 105030361 prime?
True
Is 605905282 composite?
True
Is 724397 a prime number?
False
Is 64125631 a composite number?
False
Is 1407929 composite?
True
Is 4016671 a prime number?
True
Is 59920181 composite?
True
Is 7318433 prime?
False
Is 1089457 prime?
True
Is 16698587 composite?
True
Is 185332811 composite?
False
Is 120943567 composite?
False
Is 2627167 a prime number?
True
Is 37506661 a prime number?
True
Is 33088522 prime?
False
Is 221509495 prime?
False
Is 49809819 composite?
True
Is 90137221 a prime number?
True
Is 51320057 a composite number?
True
Is 39216499 composite?
True
Is 5472921 a prime number?
False
Is 35877977 prime?
True
Is 172199 a composite number?
False
Is 1584515 composite?
True
Is 11391953 composite?
False
Is 1081477 a composite number?
False
Is 1085941 a prime number?
False
Is 16503409 a prime number?
False
Is 5116967 a composite number?
False
Is 15812581 prime?
True
Is 4904381 a prime number?
False
Is 5086667 a composite number?
True
Is 46969297 a prime number?
True
Is 4573409 prime?
True
Is 1088209 composite?
False
Is 3527311 prime?
True
Is 236102387 composite?
False
Is 24462673 a composite number?
True
Is 7741193 a prime number?
True
Is 6989687 a prime number?
True
Is 22495405 a prime number?
False
Is 276864923 composite?
True
Is 173001949 a composite number?
True
Is 31263389 a prime number?
True
Is 82863001 a composite number?
True
Is 3012017 a composite number?
False
Is 234585583 prime?
False
Is 76876123 prime?
True
Is 1968797 prime?
True
Is 1431007 a prime number?
True
Is 1212846623 a composite number?
True
Is 45805043 composite?
False
Is 6333601 composite?
False
Is 10067113 prime?
False
Is 3735209 composite?
False
Is 3235319 a prime number?
True
Is 10171573 a composite number?
False
Is 3894731 prime?
False
Is 557836379 composite?
False
Is 1065617 composite?
True
Is 59321981 a prime number?
True
Is 52756553 prime?
False
Is 554999 a composite number?
True
Is 86105735 a prime number?
False
Is 5965273 a composite number?
False
Is 506047 prime?
True
Is 234431129 a composite number?
False
Is 10821377 prime?
False
Is 1715143 composite?
False
Is 25278349 composite?
False
Is 11189909 composite?
False
Is 7380541 a prime number?
False
Is 6119969 composite?
False
Is 12263 prime?
True
Is 935059 a prime number?
True
Is 176731043 a prime number?
False
Is 469439 a prime number?
True
Is 36790891 a composite number?
True
Is 40967237 composite?
True
Is 2189303 prime?
True
Is 48060413 a composite number?
False
Is 235775681 a composite number?
False
Is 90591833 prime?
False
Is 8781659 a composite number?
False
Is 379361 composite?
True
Is 620126869 prime?
True
Is 36953533 a composite number?
False
Is 4855471 prime?
True
Is 168154301 a composite number?
True
Is 4574989 a prime number?
False
Is 4903289 a prime number?
True
Is 48871759 composite?
True
Is 1926893 a prime number?
True
Is 9458951 a composite number?
True
Is 1670969 a composite number?
True
Is 11824457 composite?
False
Is 281830921 a composite number?
False
Is 2029549 a prime number?
True
Is 9737759 a prime number?
False
Is 5174699 prime?
True
Is 3253769 a composite number?
True
Is 10511003 composite?
True
Is 1079677 composite?
True
Is 2058807 prime?
False
Is 164520947 prime?
True
Is 10209697 prime?
False
Is 1131581 composite?
True
Is 57543461 prime?
False
Is 88890623 a composite number?
False
Is 13738827 a prime number?
False
Is 6996079 composite?
False
Is 5412773 a prime number?
True
Is 199401569 a composite number?
False
Is 175141 a prime number?
True
Is 42921989 prime?
False
Is 15976673 a composite number?
False
Is 1421417 a composite number?
False
Is 772843 a prime number?
True
Is 30749623 a prime number?
False
Is 627163 prime?
True
Is 1604189707 prime?
True
Is 5160977 composite?
True
Is 45998101 composite?
True
Is 31781401 a prime number?
False
Is 1313141 a prime number?
True
Is 1115297 composite?
False
Is 703323937 composite?
True
Is 173356159 composite?
True
Is 2201662 a composite number?
True
Is 9765149 a prime number?
False
Is 3056327 a prime number?
True
Is 6145261 composite?
False
Is 5965261 a prime number?
False
Is 2693513 composite?
True
Is 2971963 composite?
False
Is 2688853 a prime number?
False
Is 134345071 composite?
True
I